{"id":106,"date":"2022-03-29T21:35:49","date_gmt":"2022-03-29T19:35:49","guid":{"rendered":"http:\/\/supervision-neuropsychologie.fr\/?page_id=106"},"modified":"2022-03-30T22:18:28","modified_gmt":"2022-03-30T20:18:28","slug":"cv-competences-vitales","status":"publish","type":"page","link":"https:\/\/supervision-neuropsychologie.fr\/?page_id=106","title":{"rendered":"A propos"},"content":{"rendered":"\n<h3 class=\"wp-block-heading\">Informations pratiques<\/h3>\n\n\n\n<p>Pierre Leclef<\/p>\n\n\n\n<p>07 68 16 53 62 &#8211; neuropsychologue.nevers [@] gmail.com<\/p>\n\n\n\n<p>ADELI : 58 93 0130 8<\/p>\n\n\n\n<h3 class=\"wp-block-heading\">Mon parcours professionnel<\/h3>\n\n\n\n<h4 class=\"wp-block-heading\">Activit\u00e9 clinique<\/h4>\n\n\n\n<p>Je suis titulaires d&rsquo;un dipl\u00f4me \u00e9quivalent Master 2 de psychologie, sp\u00e9cialisation en neuropsychologie, obtenu en Belgique en 2008 (Universit\u00e9 de Louvain-La-Neuve). Je dispose de l&rsquo;\u00e9quivalence n\u00e9cessaire pour l&rsquo;exercice de la psychologie en France. J&rsquo;exerce en tant que neuropsychologue dans le d\u00e9partement de la Ni\u00e8vre depuis 2009. <\/p>\n\n\n\n<p>Mon dipl\u00f4me est reconnu par&nbsp;l&rsquo;Organisation Francophone des Psychologues sp\u00e9cialis\u00e9s en Neuropsychologie &#8211;&nbsp;<a href=\"http:\/\/www.ofpn.fr\">OFPN<\/a>&nbsp;et par l&rsquo;<a href=\"http:\/\/www. apnb.neuropsychologie.pro\">APNB<\/a> (Association des psychologues sp\u00e9cialis\u00e9s en neuropsychologie de Bourgogne).&nbsp;Cela&nbsp;me permet d&rsquo;adh\u00e9rer \u00e0 ces associations professionnelles (reconnaissance d&rsquo;une sp\u00e9cialisation en neuropsychologie).<\/p>\n\n\n\n<p>Mes diff\u00e9rentes activit\u00e9s cliniques m&rsquo;ont amen\u00e9 \u00e0 d\u00e9velopper une exp\u00e9rience solide dans le diagnostic initial et diff\u00e9rentiel troubles neurod\u00e9veloppementaux et de la personnalit\u00e9 (<a href=\"http:\/\/neuropsychologue-nevers.fr\/index.php\/le-bilan-neuropsychologique\/\">bilans neuropsychologiques<\/a>), aupr\u00e8s des enfants, des adolescents et des jeunes adultes. J&rsquo;ai acquis une expertise particuli\u00e8re dans l&rsquo;identification et la participation au diagnostic des Troubles du Spectre Autistique, du Syndrome de Gilles de la Tourette, parall\u00e8lement aux troubles des apprentissages en g\u00e9n\u00e9ral. <\/p>\n\n\n\n<p>J&rsquo;organise mes accompagnements autour de facettes que je juge souvent prioritaires : psycho-\u00e9ducation &amp; guidance parentale.<\/p>\n\n\n\n<p>J&rsquo;ai notamment d\u00e9velopp\u00e9 ces comp\u00e9tences en exer\u00e7ant en p\u00e9dopsychiatrie (CMP &amp; Centre pour Adolescents), puis en CMPP et en SESSAD TSL (Troubles S\u00e9v\u00e8res du Langage). J&rsquo;ai men\u00e9 ces activit\u00e9s respectivement en 2009-2010 et 2010 &#8211; 2016. Je poursuis mon activit\u00e9 aupr\u00e8s des enfants &amp; adolescents  depuis 2016 en cabinet lib\u00e9ral, ce qui me permet de me focaliser sur le travail aupr\u00e8s des patients eux-m\u00eames. <\/p>\n\n\n\n<p>Depuis 2015, j\u2019ai rejoint les \u00e9quipes techniques de la <a href=\"https:\/\/mdphenligne.cnsa.fr\/mdph\/58\">MDPH 58<\/a>. Cette exp\u00e9rience sp\u00e9cifique me permet de d\u00e9velopper une connaissance particuli\u00e8re sur le plan de la reconnaissance du handicap en France.<\/p>\n\n\n\n<p>En lib\u00e9ral, je coop\u00e8re \u00e9troitement avec <a href=\"https:\/\/www.capemploi-58.com\/\">Cap Emploi 58<\/a> afin de pr\u00e9ciser le fonctionnement cognitif de certains usagers de cet organisme. Nous avons d\u00e9velopp\u00e9 un partenariat afin de permettre \u00e0 de jeunes adultes de b\u00e9n\u00e9ficier d&rsquo;\u00e9valuations neuropsychologiques en lien avec la (re)construction de leur projet professionnel.<\/p>\n\n\n\n<p>Enfin, j&rsquo;ai exerc\u00e9 \u00e0 l&rsquo;<a href=\"http:\/\/apias.e-monsite.com\/\">APIAS<\/a> (Ni\u00e8vre), pour l&rsquo;insertion et le maintien dans l&#8217;emploi professionnelle des personnes avec handicap cognitif (Prestations d&rsquo;Appui Sp\u00e9cifique ; 2018 &#8211; 2021).<\/p>\n\n\n\n<p>En conclusion, ces diff\u00e9rentes exp\u00e9riences m&rsquo;ont permis de d\u00e9velopper une vision globale de l&rsquo;\u00e9volution des personnes concern\u00e9es par les troubles du neurod\u00e9veloppement, de l&rsquo;enfance \u00e0 l&rsquo;\u00e2ge adulte. Cette vision rassemble l&rsquo;aide au diagnostic, la psycho-\u00e9ducation et le parcours de reconnaissance du handicap.<\/p>\n\n\n\n<h4 class=\"wp-block-heading\">Recherche et formation<\/h4>\n\n\n\n<p>Au-del\u00e0 de l&rsquo;activit\u00e9 clinique, j&rsquo;ai \u00e9galement men\u00e9 divers travaux collaboratifs et scientifiques au sein de l&rsquo;Organisation Francophone des Psychologues sp\u00e9cialis\u00e9s en Neuropsychologie &#8211; <a href=\"http:\/\/www.ofpn.fr\">OFPN<\/a>). L&rsquo;un de ces travaux a notamment fait l&rsquo;objet d&rsquo;une intervention au Congr\u00e8s National de Neuropsychologie Clinique (<a href=\"http:\/\/www.cnnc.fr\">CNNC2<\/a>).<\/p>\n\n\n\n<p>J&rsquo;attache un soin particulier \u00e0 d\u00e9velopper des formations courtes et accessibles \u00e0 destination des enseignants, \u00e0 travers des <a href=\"https:\/\/neuropsychologue-nevers.fr\/index.php\/prevention-et-formations\/\">interventions<\/a> fr\u00e9quentes dans les \u00e9tablissements scolaires du d\u00e9partement de la Ni\u00e8vre ou en coop\u00e9ration avec l&rsquo;Inspection Acad\u00e9mique.<\/p>\n\n\n\n<p>Je fais partie des formateurs de l&rsquo;association <a href=\"http:\/\/www.coridys.fr\">Coridys<\/a> Var (mod\u00e8les de l&rsquo;intelligence, troubles neurod\u00e9veloppementaux, outils de compensation, tests) depuis 2016.<\/p>\n\n\n\n<p>Dans la Ni\u00e8vre, diverses structures ou associations m\u00e9dico-sociales ont pu faire appel \u00e0 moi pour former leurs \u00e9quipes sur divers aspects des troubles neurod\u00e9veloppementaux.<\/p>\n\n\n\n<p>Je me suis r\u00e9cemment form\u00e9 \u00e0 l&rsquo;ADI-R. <\/p>\n\n\n\n<h4 class=\"wp-block-heading\">Publications<\/h4>\n\n\n\n<p>\u00ab&nbsp;Le travail en lib\u00e9ral des psychologues sp\u00e9cialis\u00e9s en neuropsychologie : une enqu\u00eate de l\u2019Organisation Fran\u00e7aise des Psychologues sp\u00e9cialis\u00e9s en Neuropsychologie.&nbsp;\u00bbMalvy, L., Leclef, P., Roulin, M., Ponchel, A., Cauletin-Gillier, A-M., Radiguer, F. Cahiers de Neuropsychologie Clinique, 2019.<\/p>\n\n\n\n<p>\u00ab&nbsp;L\u2019interpr\u00e9tation des scores en neuropsychologie&nbsp;: la tour de Babel&nbsp;\u00bb&nbsp;? Muneaux, M., Ponchel, A., Chancenotte, S., Marey, S., Leclef, P. Cahiers de Neuropsychologie Clinique, 2018.<\/p>\n\n\n\n<p>\u00ab&nbsp;Les conditions de travail des psychologues sp\u00e9cialis\u00e9s en neuropsychologie&nbsp;\u00bb. Jehel, L., Meunier, T., Morvan, L., Arango\u00efs, C., Loynard, S., Leclef, P. &amp; collaborateurs. Journal des Psychologues Mars 2018<\/p>\n","protected":false},"excerpt":{"rendered":"<p>Informations pratiques Pierre Leclef 07 68 16 53 62 &#8211; neuropsychologue.nevers [@] gmail.com ADELI : 58 93 0130 8 Mon parcours professionnel Activit\u00e9 clinique Je suis titulaires d&rsquo;un dipl\u00f4me \u00e9quivalent Master 2 de psychologie, sp\u00e9cialisation en neuropsychologie, obtenu en Belgique<\/p>\n","protected":false},"author":2,"featured_media":0,"parent":0,"menu_order":0,"comment_status":"closed","ping_status":"closed","template":"","meta":{"footnotes":""},"class_list":["post-106","page","type-page","status-publish","hentry"],"yoast_head":"<!-- This site is optimized with the Yoast SEO plugin v18.4.1 - https:\/\/yoast.com\/wordpress\/plugins\/seo\/ -->\n<title>A propos - Pierre Leclef - Supervision en neuropsychologie<\/title>\n<meta name=\"robots\" content=\"index, follow, max-snippet:-1, max-image-preview:large, max-video-preview:-1\" \/>\n<link rel=\"canonical\" href=\"https:\/\/supervision-neuropsychologie.fr\/?page_id=106\" \/>\n<meta property=\"og:locale\" content=\"fr_FR\" \/>\n<meta property=\"og:type\" content=\"article\" \/>\n<meta property=\"og:title\" content=\"A propos - Pierre Leclef - Supervision en neuropsychologie\" \/>\n<meta property=\"og:description\" content=\"Informations pratiques Pierre Leclef 07 68 16 53 62 &#8211; neuropsychologue.nevers [@] gmail.com ADELI : 58 93 0130 8 Mon parcours professionnel Activit\u00e9 clinique Je suis titulaires d&rsquo;un dipl\u00f4me \u00e9quivalent Master 2 de psychologie, sp\u00e9cialisation en neuropsychologie, obtenu en Belgique\" \/>\n<meta property=\"og:url\" content=\"https:\/\/supervision-neuropsychologie.fr\/?page_id=106\" \/>\n<meta property=\"og:site_name\" content=\"Pierre Leclef - Supervision en neuropsychologie\" \/>\n<meta property=\"article:modified_time\" content=\"2022-03-30T20:18:28+00:00\" \/>\n<meta name=\"twitter:card\" content=\"summary_large_image\" \/>\n<meta name=\"twitter:label1\" content=\"Dur\u00e9e de lecture estim\u00e9e\" \/>\n\t<meta name=\"twitter:data1\" content=\"3 minutes\" \/>\n<script type=\"application\/ld+json\" class=\"yoast-schema-graph\">{\"@context\":\"https:\/\/schema.org\",\"@graph\":[{\"@type\":\"WebSite\",\"@id\":\"https:\/\/supervision-neuropsychologie.fr\/#website\",\"url\":\"https:\/\/supervision-neuropsychologie.fr\/\",\"name\":\"Pierre Leclef - Supervision en neuropsychologie\",\"description\":\"Supervision \u00e0 destination de professionnels pour les TND\",\"potentialAction\":[{\"@type\":\"SearchAction\",\"target\":{\"@type\":\"EntryPoint\",\"urlTemplate\":\"https:\/\/supervision-neuropsychologie.fr\/?s={search_term_string}\"},\"query-input\":\"required name=search_term_string\"}],\"inLanguage\":\"fr-FR\"},{\"@type\":\"WebPage\",\"@id\":\"https:\/\/supervision-neuropsychologie.fr\/?page_id=106#webpage\",\"url\":\"https:\/\/supervision-neuropsychologie.fr\/?page_id=106\",\"name\":\"A propos - Pierre Leclef - Supervision en neuropsychologie\",\"isPartOf\":{\"@id\":\"https:\/\/supervision-neuropsychologie.fr\/#website\"},\"datePublished\":\"2022-03-29T19:35:49+00:00\",\"dateModified\":\"2022-03-30T20:18:28+00:00\",\"breadcrumb\":{\"@id\":\"https:\/\/supervision-neuropsychologie.fr\/?page_id=106#breadcrumb\"},\"inLanguage\":\"fr-FR\",\"potentialAction\":[{\"@type\":\"ReadAction\",\"target\":[\"https:\/\/supervision-neuropsychologie.fr\/?page_id=106\"]}]},{\"@type\":\"BreadcrumbList\",\"@id\":\"https:\/\/supervision-neuropsychologie.fr\/?page_id=106#breadcrumb\",\"itemListElement\":[{\"@type\":\"ListItem\",\"position\":1,\"name\":\"Accueil\",\"item\":\"https:\/\/supervision-neuropsychologie.fr\/\"},{\"@type\":\"ListItem\",\"position\":2,\"name\":\"A propos\"}]}]}<\/script>\n<!-- \/ Yoast SEO plugin. -->","yoast_head_json":{"title":"A propos - Pierre Leclef - Supervision en neuropsychologie","robots":{"index":"index","follow":"follow","max-snippet":"max-snippet:-1","max-image-preview":"max-image-preview:large","max-video-preview":"max-video-preview:-1"},"canonical":"https:\/\/supervision-neuropsychologie.fr\/?page_id=106","og_locale":"fr_FR","og_type":"article","og_title":"A propos - Pierre Leclef - Supervision en neuropsychologie","og_description":"Informations pratiques Pierre Leclef 07 68 16 53 62 &#8211; neuropsychologue.nevers [@] gmail.com ADELI : 58 93 0130 8 Mon parcours professionnel Activit\u00e9 clinique Je suis titulaires d&rsquo;un dipl\u00f4me \u00e9quivalent Master 2 de psychologie, sp\u00e9cialisation en neuropsychologie, obtenu en Belgique","og_url":"https:\/\/supervision-neuropsychologie.fr\/?page_id=106","og_site_name":"Pierre Leclef - Supervision en neuropsychologie","article_modified_time":"2022-03-30T20:18:28+00:00","twitter_card":"summary_large_image","twitter_misc":{"Dur\u00e9e de lecture estim\u00e9e":"3 minutes"},"schema":{"@context":"https:\/\/schema.org","@graph":[{"@type":"WebSite","@id":"https:\/\/supervision-neuropsychologie.fr\/#website","url":"https:\/\/supervision-neuropsychologie.fr\/","name":"Pierre Leclef - Supervision en neuropsychologie","description":"Supervision \u00e0 destination de professionnels pour les TND","potentialAction":[{"@type":"SearchAction","target":{"@type":"EntryPoint","urlTemplate":"https:\/\/supervision-neuropsychologie.fr\/?s={search_term_string}"},"query-input":"required name=search_term_string"}],"inLanguage":"fr-FR"},{"@type":"WebPage","@id":"https:\/\/supervision-neuropsychologie.fr\/?page_id=106#webpage","url":"https:\/\/supervision-neuropsychologie.fr\/?page_id=106","name":"A propos - Pierre Leclef - Supervision en neuropsychologie","isPartOf":{"@id":"https:\/\/supervision-neuropsychologie.fr\/#website"},"datePublished":"2022-03-29T19:35:49+00:00","dateModified":"2022-03-30T20:18:28+00:00","breadcrumb":{"@id":"https:\/\/supervision-neuropsychologie.fr\/?page_id=106#breadcrumb"},"inLanguage":"fr-FR","potentialAction":[{"@type":"ReadAction","target":["https:\/\/supervision-neuropsychologie.fr\/?page_id=106"]}]},{"@type":"BreadcrumbList","@id":"https:\/\/supervision-neuropsychologie.fr\/?page_id=106#breadcrumb","itemListElement":[{"@type":"ListItem","position":1,"name":"Accueil","item":"https:\/\/supervision-neuropsychologie.fr\/"},{"@type":"ListItem","position":2,"name":"A propos"}]}]}},"_links":{"self":[{"href":"https:\/\/supervision-neuropsychologie.fr\/index.php?rest_route=\/wp\/v2\/pages\/106","targetHints":{"allow":["GET"]}}],"collection":[{"href":"https:\/\/supervision-neuropsychologie.fr\/index.php?rest_route=\/wp\/v2\/pages"}],"about":[{"href":"https:\/\/supervision-neuropsychologie.fr\/index.php?rest_route=\/wp\/v2\/types\/page"}],"author":[{"embeddable":true,"href":"https:\/\/supervision-neuropsychologie.fr\/index.php?rest_route=\/wp\/v2\/users\/2"}],"replies":[{"embeddable":true,"href":"https:\/\/supervision-neuropsychologie.fr\/index.php?rest_route=%2Fwp%2Fv2%2Fcomments&post=106"}],"version-history":[{"count":5,"href":"https:\/\/supervision-neuropsychologie.fr\/index.php?rest_route=\/wp\/v2\/pages\/106\/revisions"}],"predecessor-version":[{"id":131,"href":"https:\/\/supervision-neuropsychologie.fr\/index.php?rest_route=\/wp\/v2\/pages\/106\/revisions\/131"}],"wp:attachment":[{"href":"https:\/\/supervision-neuropsychologie.fr\/index.php?rest_route=%2Fwp%2Fv2%2Fmedia&parent=106"}],"curies":[{"name":"wp","href":"https:\/\/api.w.org\/{rel}","templated":true}]}}

<h3 class="wp-block-heading">Informations pratiques</h3>



<p>Pierre Leclef</p>



<p>07 68 16 53 62 &#8211; neuropsychologue.nevers [@] gmail.com</p>



<p>ADELI : 58 93 0130 8</p>



<h3 class="wp-block-heading">Mon parcours professionnel</h3>



<h4 class="wp-block-heading">Activité clinique</h4>



<p>Je suis titulaires d&rsquo;un diplôme équivalent Master 2 de psychologie, spécialisation en neuropsychologie, obtenu en Belgique en 2008 (Université de Louvain-La-Neuve). Je dispose de l&rsquo;équivalence nécessaire pour l&rsquo;exercice de la psychologie en France. J&rsquo;exerce en tant que neuropsychologue dans le département de la Nièvre depuis 2009. </p>



<p>Mon diplôme est reconnu par&nbsp;l&rsquo;Organisation Francophone des Psychologues spécialisés en Neuropsychologie &#8211;&nbsp;<a href="http://www.ofpn.fr">OFPN</a>&nbsp;et par l&rsquo;<a href="http://www. apnb.neuropsychologie.pro">APNB</a> (Association des psychologues spécialisés en neuropsychologie de Bourgogne).&nbsp;Cela&nbsp;me permet d&rsquo;adhérer à ces associations professionnelles (reconnaissance d&rsquo;une spécialisation en neuropsychologie).</p>



<p>Mes différentes activités cliniques m&rsquo;ont amené à développer une expérience solide dans le diagnostic initial et différentiel troubles neurodéveloppementaux et de la personnalité (<a href="http://neuropsychologue-nevers.fr/index.php/le-bilan-neuropsychologique/">bilans neuropsychologiques</a>), auprès des enfants, des adolescents et des jeunes adultes. J&rsquo;ai acquis une expertise particulière dans l&rsquo;identification et la participation au diagnostic des Troubles du Spectre Autistique, du Syndrome de Gilles de la Tourette, parallèlement aux troubles des apprentissages en général. </p>



<p>J&rsquo;organise mes accompagnements autour de facettes que je juge souvent prioritaires : psycho-éducation &amp; guidance parentale.</p>



<p>J&rsquo;ai notamment développé ces compétences en exerçant en pédopsychiatrie (CMP &amp; Centre pour Adolescents), puis en CMPP et en SESSAD TSL (Troubles Sévères du Langage). J&rsquo;ai mené ces activités respectivement en 2009-2010 et 2010 &#8211; 2016. Je poursuis mon activité auprès des enfants &amp; adolescents  depuis 2016 en cabinet libéral, ce qui me permet de me focaliser sur le travail auprès des patients eux-mêmes. </p>



<p>Depuis 2015, j’ai rejoint les équipes techniques de la <a href="https://mdphenligne.cnsa.fr/mdph/58">MDPH 58</a>. Cette expérience spécifique me permet de développer une connaissance particulière sur le plan de la reconnaissance du handicap en France.</p>



<p>En libéral, je coopère étroitement avec <a href="https://www.capemploi-58.com/">Cap Emploi 58</a> afin de préciser le fonctionnement cognitif de certains usagers de cet organisme. Nous avons développé un partenariat afin de permettre à de jeunes adultes de bénéficier d&rsquo;évaluations neuropsychologiques en lien avec la (re)construction de leur projet professionnel.</p>



<p>Enfin, j&rsquo;ai exercé à l&rsquo;<a href="http://apias.e-monsite.com/">APIAS</a> (Nièvre), pour l&rsquo;insertion et le maintien dans l&#8217;emploi professionnelle des personnes avec handicap cognitif (Prestations d&rsquo;Appui Spécifique ; 2018 &#8211; 2021).</p>



<p>En conclusion, ces différentes expériences m&rsquo;ont permis de développer une vision globale de l&rsquo;évolution des personnes concernées par les troubles du neurodéveloppement, de l&rsquo;enfance à l&rsquo;âge adulte. Cette vision rassemble l&rsquo;aide au diagnostic, la psycho-éducation et le parcours de reconnaissance du handicap.</p>



<h4 class="wp-block-heading">Recherche et formation</h4>



<p>Au-delà de l&rsquo;activité clinique, j&rsquo;ai également mené divers travaux collaboratifs et scientifiques au sein de l&rsquo;Organisation Francophone des Psychologues spécialisés en Neuropsychologie &#8211; <a href="http://www.ofpn.fr">OFPN</a>). L&rsquo;un de ces travaux a notamment fait l&rsquo;objet d&rsquo;une intervention au Congrès National de Neuropsychologie Clinique (<a href="http://www.cnnc.fr">CNNC2</a>).</p>



<p>J&rsquo;attache un soin particulier à développer des formations courtes et accessibles à destination des enseignants, à travers des <a href="https://neuropsychologue-nevers.fr/index.php/prevention-et-formations/">interventions</a> fréquentes dans les établissements scolaires du département de la Nièvre ou en coopération avec l&rsquo;Inspection Académique.</p>



<p>Je fais partie des formateurs de l&rsquo;association <a href="http://www.coridys.fr">Coridys</a> Var (modèles de l&rsquo;intelligence, troubles neurodéveloppementaux, outils de compensation, tests) depuis 2016.</p>



<p>Dans la Nièvre, diverses structures ou associations médico-sociales ont pu faire appel à moi pour former leurs équipes sur divers aspects des troubles neurodéveloppementaux.</p>



<p>Je me suis récemment formé à l&rsquo;ADI-R. </p>



<h4 class="wp-block-heading">Publications</h4>



<p>«&nbsp;Le travail en libéral des psychologues spécialisés en neuropsychologie : une enquête de l’Organisation Française des Psychologues spécialisés en Neuropsychologie.&nbsp;»Malvy, L., Leclef, P., Roulin, M., Ponchel, A., Cauletin-Gillier, A-M., Radiguer, F. Cahiers de Neuropsychologie Clinique, 2019.</p>



<p>«&nbsp;L’interprétation des scores en neuropsychologie&nbsp;: la tour de Babel&nbsp;»&nbsp;? Muneaux, M., Ponchel, A., Chancenotte, S., Marey, S., Leclef, P. Cahiers de Neuropsychologie Clinique, 2018.</p>



<p>«&nbsp;Les conditions de travail des psychologues spécialisés en neuropsychologie&nbsp;». Jehel, L., Meunier, T., Morvan, L., Arangoïs, C., Loynard, S., Leclef, P. &amp; collaborateurs. Journal des Psychologues Mars 2018</p>

<p>Informations pratiques Pierre Leclef 07 68 16 53 62 &#8211; neuropsychologue.nevers [@] gmail.com ADELI : 58 93 0130 8 Mon parcours professionnel Activité clinique Je suis titulaires d&rsquo;un diplôme équivalent Master 2 de psychologie, spécialisation en neuropsychologie, obtenu en Belgique</p>

<!-- This site is optimized with the Yoast SEO plugin v18.4.1 - https://yoast.com/wordpress/plugins/seo/ -->
<title>A propos - Pierre Leclef - Supervision en neuropsychologie</title>
<meta name="robots" content="index, follow, max-snippet:-1, max-image-preview:large, max-video-preview:-1" />
<link rel="canonical" href="https://supervision-neuropsychologie.fr/?page_id=106" />
<meta property="og:locale" content="fr_FR" />
<meta property="og:type" content="article" />
<meta property="og:title" content="A propos - Pierre Leclef - Supervision en neuropsychologie" />
<meta property="og:description" content="Informations pratiques Pierre Leclef 07 68 16 53 62 &#8211; neuropsychologue.nevers [@] gmail.com ADELI : 58 93 0130 8 Mon parcours professionnel Activité clinique Je suis titulaires d&rsquo;un diplôme équivalent Master 2 de psychologie, spécialisation en neuropsychologie, obtenu en Belgique" />
<meta property="og:url" content="https://supervision-neuropsychologie.fr/?page_id=106" />
<meta property="og:site_name" content="Pierre Leclef - Supervision en neuropsychologie" />
<meta property="article:modified_time" content="2022-03-30T20:18:28+00:00" />
<meta name="twitter:card" content="summary_large_image" />
<meta name="twitter:label1" content="Durée de lecture estimée" />
	<meta name="twitter:data1" content="3 minutes" />
<script type="application/ld+json" class="yoast-schema-graph">{"@context":"https://schema.org","@graph":[{"@type":"WebSite","@id":"https://supervision-neuropsychologie.fr/#website","url":"https://supervision-neuropsychologie.fr/","name":"Pierre Leclef - Supervision en neuropsychologie","description":"Supervision à destination de professionnels pour les TND","potentialAction":[{"@type":"SearchAction","target":{"@type":"EntryPoint","urlTemplate":"https://supervision-neuropsychologie.fr/?s={search_term_string}"},"query-input":"required name=search_term_string"}],"inLanguage":"fr-FR"},{"@type":"WebPage","@id":"https://supervision-neuropsychologie.fr/?page_id=106#webpage","url":"https://supervision-neuropsychologie.fr/?page_id=106","name":"A propos - Pierre Leclef - Supervision en neuropsychologie","isPartOf":{"@id":"https://supervision-neuropsychologie.fr/#website"},"datePublished":"2022-03-29T19:35:49+00:00","dateModified":"2022-03-30T20:18:28+00:00","breadcrumb":{"@id":"https://supervision-neuropsychologie.fr/?page_id=106#breadcrumb"},"inLanguage":"fr-FR","potentialAction":[{"@type":"ReadAction","target":["https://supervision-neuropsychologie.fr/?page_id=106"]}]},{"@type":"BreadcrumbList","@id":"https://supervision-neuropsychologie.fr/?page_id=106#breadcrumb","itemListElement":[{"@type":"ListItem","position":1,"name":"Accueil","item":"https://supervision-neuropsychologie.fr/"},{"@type":"ListItem","position":2,"name":"A propos"}]}]}</script>
<!-- / Yoast SEO plugin. -->

Informations pratiques Pierre Leclef 07 68 16 53 62 &#8211; neuropsychologue.nevers [@] gmail.com ADELI : 58 93 0130 8 Mon parcours professionnel Activité clinique Je suis titulaires d&rsquo;un diplôme équivalent Master 2 de psychologie, spécialisation en neuropsychologie, obtenu en Belgique

Supervision à destination de professionnels pour les TND
